+ j**2/2 - 891*j. Determine i(-5).
21
Let n(j) = -j**2 - 11*j - 9. Let t(s) = 3*s + 36. Let v be t(-12). Suppose 22*a + 198 = -v*a. Calculate n(a).
9
Let g(w) = -w**2 - 2*w + 16. Suppose f = -3*m + 21, -3*m - 8*f = -11*f - 21. Give g(m).
-47
Let d be 0 + (0/(-1))/((70/10)/(-7)). Let j(h) be the first derivative of 11 - 2*h + h**3 - 1/4*h**4 + d*h**2. Calculate j(2).
2
Suppose -9 = -2*w + a, 0 = -5*w + 9*w + a - 21. Let q(i) = -1129*i + 3 - w + 1131*i. Give q(2).
2
Let x(f) be the third derivative of -10*f**2 + 7/3*f**3 + 0 - 3*f + 1/60*f**5 + 13/24*f**4. Give x(-12).
2
Let b(u) be the second derivative of u**5/20 + 4*u**4/3 + 4*u**3 - 27*u**2/2 - 384*u. Calculate b(-14).
29
Let n(s) = 13*s**3 - 27*s**2 - 44*s - 4. Let b(d) = 3*d**3 - 5*d**2. Let o(y) = -4*b(y) + n(y). What is o(11)?
-4
Let d = -511 - -527. Let g(s) = -2*s + 16. Determine g(d).
-16
Let u(p) = -43 - 2*p + 42 + p + 0*p. Suppose -20 = 4*w + 5*l, 51*w + l + 25 = 46*w. Determine u(w).
4
Let f(m) = -m**2 - 26*m - 22. Suppose -6*l + 2*l - 100 = 0. Let z be f(l). Let h(g) = g**3 - 4*g**2 + 2*g + 3. Calculate h(z).
0
Let i(c) = -17*c + 5. Let q(p) = -p**2 + 12*p - 9. Let o be q(11). Let j be 48/(-12) - -8 - o/1. Determine i(j).
-29
Let q(p) = 3*p**3 - 7*p**2 - 3*p + 3. Let w(d) = 2*d**3 - 2*d - 2. Let s(r) = -q(r) + 2*w(r). What is s(-6)?
35
Let j(n) = -n**2 - 12*n + 75. Let a(v) = 633*v + 5. Let u be a(0). What is j(u)?
-10
Suppose 2*f = -4*g - 10, -7 = 43*g - 39*g + 3*f. Let u(d) = -d - 10. Give u(g).
-6
Suppose -4*q + 24 = -3*o, 30 = 5*q - 0*o - 5*o. Suppose 0*a + 5*a = -55. Let i(l) = 5*l + 6. Let v(d) = 9*d + 11. Let z(m) = a*i(m) + q*v(m). Calculate z(-6).
6
Suppose 0 = w - 3 - 1. Suppose -4*x - w*h + 9*h - 12 = 0, -3*h = -x - 10. Suppose -2*k + x*d = -0*d, -5*d + 9 = -2*k. Let t(z) = -z + 2. Calculate t(k).
-1
Let x(t) = 41*t - 3. Let w be -2 - -2 - 34/(-34). Determine x(w).
38
Let n(g) = 6 - g - 27 + 8 - 5 - 3. Determine n(-15).
-6
Let k(j) be the third derivative of -j**5/5 + 25*j**4/24 + 8780*j**2. Give k(2).
2
Let g be (-4 - -2)*(1 - 3). Let s = 9 - g. Let v(k) = -4*k - 2. What is v(s)?
-22
Suppose -9*q + 63 + 223 = -152*q. Let b(v) be the third derivative of -v**5/20 - v**4/12 + v**2. Let o(m) = -m**2 + 1. Let d(g) = q*o(g) + b(g). Give d(-2).
-2
Let t(o) = 4*o**2 + 37*o - 7*o**2 - o**3 - 37*o + 1. Let v be t(-1). Let h(c) = -8*c**2 + c + 1. Determine h(v).
-8
Let o(i) = 32*i - 3. Let q = -11508 - -11508. What is o(q)?
-3
Suppose 0*a - 3*w = 4*a - 3, -3*w = 2*a - 9. Let r(g) be the first derivative of g**2/2 - 2*g - 9504. Calculate r(a).
-5
Let d be -12 - (3 - -2)*13/(-5). Let j(z) = 11*z**2 + 17*z - 17. What is j(d)?
11
Let i = -33079 - -33063. Let o(a) = 5*a - 5. Determine o(i).
-85
Let j(n) be the third derivative of -n**8/20160 + n**7/1260 - n**6/720 - 89*n**5/60 - n**3/3 + 49*n**2. Let l(z) be the third derivative of j(z). What is l(5)?
-6
Let g(n) be the second derivative of 5/12*n**4 + 0 + n**2 + 1/20*n**5 + 3*n - 1/6*n**3. Suppose c - 20 = -25. Give g(c).
7
Let t(v) be the second derivative of 2 + 5/3*v**3 + 1/20*v**5 - 16*v + 11/2*v**2 + 11/12*v**4. Determine t(-10).
11
Let t = 7 + -12. Let d(o) = -o**2 - 11*o - 18. Let g be d(-9). Let a(y) = 5*y + g*y - 6*y. Calculate a(t).
5
Suppose 3*g + 5*m + 2 = 0, 4*g + 4*m = 6 + 2. Let w(j) = -5*j + 0*j - g*j**2 - 5 + 2*j + 13 - j**3. Calculate w(-5).
-2
Let v = 20 + 37. Let f = v - 54. Let s be f/2*(-3 + 5). Let x(c) = -c**3 + 3*c**2 - 4*c. What is x(s)?
-12
Suppose 3*t = 4*a - 2, -73*a = -71*a + 2*t - 8. Let n = -23 - -37. Suppose a*l + 2*d = d + n, -6 = 3*d. Let j(r) = -r**3 + 8*r**2 + 2*r - 10. Calculate j(l).
6
Let v(o) = 2*o**2 + 30*o - 23. Let g be 27*14/(-21) + 1/(3/6). Give v(g).
9
Suppose 4*y - 48*i = -44*i + 44, -4*i + 28 = 5*y. Let b(t) = -t**2 + 18*t - 77. Let z be b(y). Let s(k) = -2*k**2 + 3*k + 4. Calculate s(z).
-5
Let l(u) = 3*u**2 - 13*u - 10. Let y = 6485 - 6478. What is l(y)?
46
Let p(u) be the third derivative of -u**5/60 + 5*u**4/6 - 43*u**3/3 - u**2 - 7*u + 44. Give p(6).
-2
Let a(c) = c**3 + 5*c**2 - 10*c - 7. Let d(h) = -h**3 - 3*h**2 + 15*h + 19. Let v be (1/1 + 0)*(-29 - -24). Let b be d(v). What is a(b)?
17
Suppose 0*s + 441 = 7*s. Let l = s - 52. Let f(m) = m**2 - l*m - 3 + 2*m + 7*m. What is f(-3)?
12
Suppose -58*p + 55*p + 6 = -3*z, -32 = 3*z - p. Let t(l) be the third derivative of -l**4/24 - 13*l**3/6 + l**2. What is t(z)?
2
Let b(m) = -m**2 + 80*m - 12. Let h be b(0). Let g(i) = -2*i**2 - 23*i. Give g(h).
-12
Let w(o) = o**2 + 13*o + 17. Suppose 643 = 8*b - 501. Suppose 49 = -16*z - b. Determine w(z).
5
Let x(m) = 3*m - 23. Suppose -83*u = -5*u - 41*u + 296. Give x(u).
-47
Let p(u) = 11*u - 62. Let g(h) = 18*h - 96. Let z(n) = 5*g(n) - 8*p(n). Give z(-11).
-6
Let p(n) = -2*n - 11. Let t be (3/(-2))/((-1)/(64/24)). Let c(h) = -h - 5. Let m(d) = t*p(d) - 7*c(d). Determine m(-4).
-5
Let q(p) = 12*p**2 - p - 2. Suppose -1955 = -8*f + 53. Let j = -252 + f. What is q(j)?
11
Suppose 0 = 4*w - 5 - 19. Let n(o) be the second derivative of o**3/3 - 7*o**2/2 + 248*o. Calculate n(w).
5
Let c = 270 + -268. Let r(k) = -621*k**2 + 3*k - 2*k + 1249*k**c - 647*k**2 + 1. What is r(-1)?
-19
Let b(y) = 7*y + 1. Let t be b(1). Let c(g) = g**3 - 13*g**2 - g - 1. Let n(r) = -r**3 + 19*r**2 - 6*r + 11. Let p(q) = -2*c(q) - n(q). Determine p(t).
-9
Let g(a) = a**2 - 6*a + 7. Let f be g(5). Let w(v) = -6 - 9*v**2 + 1 + v**2 + v + v**3 + 4*v**f. Let m = -9 - -13. Give w(m).
-1
Let q(t) = -3*t - 1. Let u(g) = 7*g + 1. Let r(k) = -2*q(k) - u(k). Let a(n) = -n**3 - 2*n**2 + 2. Let l = -4 + 2. Let x be a(l). What is r(x)?
-1
Let p(s) = 23*s + 26. Let m(l) = 2*l + 3. Let w(z) = -11*m(z) + p(z). Determine w(15).
8
Let b(q) = 34*q**2 - 11 + 32 - 75*q**2 - 14 - q**3 + 13*q + 32*q**2. Determine b(-11).
106
Let d(x) = 521*x**2 + 69 - 72 - 520*x**2. Suppose -2*i - 3*i - b + 31 = 0, -5*i = 3*b - 23. Suppose -2 = 3*f + i. Calculate d(f).
6
Let w(u) = -2*u + 1. Let f be (-6)/(-12)*(0 + 6). Let s(y) = -3*y + 2. Let p(h) = f*s(h) - 4*w(h). Give p(-2).
4
Let r(j) = -j**3 - 16*j**2 + 13*j - 66. Let z be r(-17). Let y(t) = -103*t + 42*t + 32*t + 33*t - z. Calculate y(4).
14
Let i(x) = x**2 - 3*x - 48. Let d be i(10). Let u(f) = 19 + 25 + d + 27 - 102 + 2*f. Calculate u(5).
1
Let u(y) be the third derivative of -y**6/12 - y**5/60 + y**4/12 - y**3/6 + y**2. Let m be 4/18*(-2511)/(-279) + (-1 - 0). What is u(m)?
-10
Let i(s) = -5*s**2 + 9*s - 16. Let t be i(6). Let u = 132 + t. Let q(g) = g + 1. Calculate q(u).
-9
Let n = -2 + 4. Suppose l = -3*u + 14, 0 = -5*u - n*l - 0*l + 23. Let k(h) = -3*h - 445. Let b(z) = 12*z + 1891. Let m(v) = 4*b(v) + 17*k(v). Determine m(u).
-16
Let l(f) = f**2 + 4*f - 1. Let a(n) = n**3 - 15*n**2 - 18*n + 30. Let q be a(16). Let r be l(q). Let z(y) = -y**2 - 5*y - 8. Determine z(r).
-8
Suppose -5*b + n = 10, 3*n = -4*b - n + 16. Let s be 5*(-2 + (b - -2)). Let v be -3 + s*12/(-10). Let u(q) = q**2 - 5*q - 4. Determine u(v).
-10
Suppose 15*g + 67 - 7 = 0. Let o(p) = 2*p**2 + 9*p + 5. Let l be o(g). Let z(h) = 2*h**3 + 2*h - 1. Determine z(l).
3
Suppose 0 = 5*d + 30, -5*m - 2*d - 11 = -39. Let o(f) = f**2 - 2*f + 12. Determine o(m).
60
Let l = -1012 + 1010. Let w(o) = o - 1. Let u(y) = -3*y - 2. Let s(p) = u(p) - w(p). Let v(i) = 12*i + 2. Let b(c) = l*v(c) - 7*s(c). Give b(-2).
-5
Suppose -118*o + 200 + 295 + 449 = 0. Let v(b) = -3*b**3 - 8*b**2 + b - 9 + 6*b**3 - 2*b**3. Determine v(o).
-1
Let d be 6/14 + 30/(-70). Let s be d/(6 - 5) + (-27)/(-1). Let r = -24 + s. Let q(n) = -n**2 + 5*n - 2. Calculate q(r).
4
Let c(l) = -l**2 - 11*l - 31. Suppose 3*j + 2*b - 4 = 0, -152*b + 151*b = j - 4. Determine c(j).
-3
Let r(x) = -x**2 - 19*x - 5. Let w(u) = u**2 + 17*u + 6. Let m be (-15)/(-2)*(-16)/24. Let h(z) = m*w(z) - 4*r(z). What is h(-10)?
-20
Let z be 6*2/(-3)*(888/(-48) + 20). Let m(s) = -s**2 - 9*s - 2. Give m(z).
16
Let l(q) be the second derivative of q**5/20 - q**4/4 - 2*q**3 + 3*q**2/2 - 58*q + 3. Let m(d) = -2*d + 3. Let f be m(-1). Give l(f).
-7
Suppose r = 43 - 628. Let n = r - -601. Let z(t) = t - 20. What is z(n)?
-4
Let y(f) = 29*f + 138. Suppose x + 45 = 5*v, 175*x + 2*v + 9 = 170*x. Calculate y(x).
-7
Let b(l) = -2*l**2 + 18*l + 6. Suppose 593 - 35 = 97*m - 35*m. What is b(m)?
6
Let m = 8 - 10. 